it of -1 + 17 + 30/(-10)?
1
Suppose 0 = -5*s + 477 - 32. What is the units digit of s?
9
Let n(y) = y**3 - 5*y**2 - 4*y. What is the tens digit of n(6)?
1
Suppose -13 + 80 = u. What is the tens digit of u?
6
Let s(y) = -y**2 + y + 3. Let f be s(0). Suppose f*k + k = 4. What is the units digit of k?
1
Suppose 7*x - 2*j = 4*x + 14, 3*x + j - 2 = 0. Suppose 0*c - 4*v = x*c - 58, 0 = -v - 5. What is the units digit of c?
9
Let z(h) = 107*h + 11. What is the tens digit of z(1)?
1
Suppose -2*a = 2*q + 40, a + 3*a - 3*q = -108. Let l = 40 + a. What is the units digit of l?
6
Let t(j) = -j**2 - 25*j - 52. What is the units digit of t(-21)?
2
Let h = -9 - -11. Suppose -8 = -h*d - 2*d. What is the units digit of d?
2
Let y be 1/5 - 32/10. What is the tens digit of (0 - 39/9)*y?
1
Let h be (1 + 0)*(1 - 0). Let b be 3 - (h + 2)/3. Suppose 0 = -5*r + t + 18, 5*r - 14 = t + b*t. What is the units digit of r?
4
Let f be -1 + 2*(-6)/(-4). Suppose f*i - 1 = 5. Suppose -m + i*m - 12 = 0. What is the units digit of m?
6
Suppose -2*v + b = -4*v + 5, 2*b = -10. What is the units digit of v?
5
Let o(g) = -g - 1. Let z be o(4). Let x = z + 6. What is the units digit of x?
1
Suppose -24*s = -29*s + 390. What is the tens digit of s?
7
Suppose 2*b = -4*d - 6, 2*d + b = 5*b + 12. Suppose d = -0*g - 3*g. Suppose -5*x - 7 = t, 5*t - 23 = -g*t + 4*x. What is the units digit of t?
3
Let o = 40 + -16. Suppose -2*q + 0*q = 4*v - 146, -2*v = 4*q - 70. Suppose -4*z + o = -4*n, 0 = 5*z - 0*n + 2*n - v. What is the units digit of z?
7
Let x = 25 + -15. What is the tens digit of x?
1
Suppose 2*m + 6 + 4 = 0. Let h = m - -9. What is the units digit of h?
4
Let n = 11 - 8. Let x = n + -2. What is the units digit of x?
1
Suppose -2*m - 4*f - 12 = -6*m, 3*m - 12 = 4*f. Let q be 4/(-18) + (-38)/(-9). Suppose -s + q = -m*s. What is the units digit of s?
4
Let k be 3*1 + (-22)/(-11). Suppose 4*b + k*y + 7 = -0*b, -3*b + 4*y = -18. What is the units digit of b?
2
Let u(a) = a**3 + 9*a**2 - a - 8. Let p be u(-9). Let g(z) = z + 1 - p. What is the units digit of g(5)?
5
Suppose 5*w - 13 = 42. Let k = -4 + w. What is the units digit of k?
7
Let i be (-98)/(-6) + 8/(-24). Suppose -s + i = -0*s. Suppose -2 = -3*m + s. What is the units digit of m?
6
Let l = 5 + -9. Let z be 63/49 + l/14. Suppose -z = -2*m + 5. What is the units digit of m?
3
Let d(l) = -3*l + 13. What is the units digit of d(-14)?
5
What is the units digit of -25*(-4 + 1 + 2)?
5
Suppose -31 = -4*f - 5*i, -f = -0*i - 5*i + 11. What is the units digit of f?
4
Let w = -6 + 6. Suppose 0 = -2*l + 4*l - u - 11, w = -5*l + u + 35. What is the units digit of l?
8
Let i = 22 + -5. What is the tens digit of i?
1
Suppose -5*y - 175 = -5*n, -5*y + 23 = 5*n - 4*n. What is the units digit of n?
3
Suppose -2 + 4 = -2*r. Let m be (-4 - -2) + (0 - r). What is the units digit of m - (-5)/(15/12)?
3
Suppose -22 = 2*c - 4*k, 2*c - k = -c - 18. Let n(s) = s**3 + 4*s**2 - 6*s - 7. Let u be n(c). What is the units digit of (3 - (1 - u)) + 5?
5
Let z be ((-145)/10 - -5) + 3/2. Let k = 1 + -6. Let i = k - z. What is the units digit of i?
3
Suppose -2*v = b + 1 - 7, 3*b = -v + 3. Suppose 2*w + w + 6 = b. What is the units digit of w + (-2 - 1)*-2?
4
Let f = 5 - 0. Let b(g) = -g**3 + 6*g**2 - 5*g + 3. Let u be b(f). Suppose u*z + h = -z + 33, -h = -5. What is the units digit of z?
7
Let b = -5 - -43. Suppose 0 = -2*g - b + 8. What is the units digit of 80/g*18/(-8)?
2
What is the units digit of 118/(-6)*(-20 - -17)?
9
Let p(q) = -41*q**3 + q. What is the units digit of p(-1)?
0
Suppose 2*t - 160 = -32. Suppose -2*d + 6*d - t = 0. What is the units digit of d?
6
Let g(j) = 3*j - 5. Let y be g(4). What is the units digit of y - (-2 - (-3 - 1))?
5
Let f(b) be the first derivative of -3*b**2/2 - 9*b + 2. Let p(k) = 2*k**2 - 17*k - 15. Let i be p(9). What is the units digit of f(i)?
9
Let p(t) = 2 - 2 - t**2 + 3*t - 7*t. Let s be p(-2). Suppose 37 = s*y - x - 16, -3*x = 4*y - 49. What is the tens digit of y?
1
Let u(p) = p**3 + 5*p**2 - 10*p - 12. Let n(x) = x**3 + 5*x**2 - 10*x - 11. Let k(y) = 3*n(y) - 2*u(y). What is the tens digit of k(-6)?
1
Let h be 0 - -1 - (-8 - -6). Let j(x) = 0*x + 7 - h*x + 2*x + 0. What is the units digit of j(6)?
1
Let j(u) = -u**3 + 9*u**2 + 6*u + 10. Let d be j(10). Let t = 20 - d. What is the tens digit of t?
5
Suppose 150 = -5*r + 2*h + 39, -3*h = 2*r + 33. Suppose 0 = 5*m - m - 5*s - 28, -5*s = 3*m + 14. What is the units digit of (m/(-3)*r)/2?
7
Suppose -9 = r - 4*j, 3*r - 3*j + 4 = 2*r. What is the units digit of r?
1
Let g = 64 - 59. Suppose b - r = -4*r, 0 = -5*b - r. Let k = b + g. What is the units digit of k?
5
Let s = 5 + -10. Let a = 1 - s. What is the units digit of a?
6
Let q be (-2)/5*(-3 + -2). Suppose -2*v - 2 = -4*o - 0*o, 0 = -3*v + q*o + 5. Suppose -v*w + 24 + 6 = 0. What is the tens digit of w?
1
What is the units digit of (54/4 - -1)*2?
9
Let a = 13 - 9. Let d(g) = g - 5. Let l be d(3). What is the units digit of l/a + (-34)/(-4)?
8
Let u = -8 - -11. Suppose -10 = -u*d + 41. What is the units digit of d?
7
Let u(o) = -o**2 - o + 58. Let g be u(0). Let z(b) = -b**2 - 3*b + 12. Let m be z(-6). What is the units digit of g/6 + (-2)/m?
0
Let m(a) = a**3 - a**2 - 3*a - 3. Let y be m(3). Suppose 0 = 2*i + 4, -3*d + d = 3*i + y. Let w = d - -4. What is the units digit of w?
4
Let f(m) = -2*m - 18. What is the units digit of f(-10)?
2
Let f = -2 + -3. Let z = -2 - f. Suppose -5*a + b = -5, -4*b = z*a - b - 21. What is the units digit of a?
2
Suppose -5*c + 4*c = -5. Suppose -c*p + 2*j + 11 = 0, -2*p = -p + 3*j - 9. What is the units digit of p?
3
Let a(g) = g**3 + 12*g**2 + 2. Suppose 5*o + 70 = 2*q, 2*q = -4*o + 3*q - 53. What is the units digit of a(o)?
2
Suppose -2*x + 10 = 0, -5*h + 189 + 31 = 2*x. What is the tens digit of h?
4
Suppose -17*j = -15*j - 182. Let h = -61 + j. What is the units digit of h?
0
Let f(q) = 3*q**2 - 6*q + 2*q - 2*q**2 - q + 2. Suppose 4*m = -5*x + 25, -x - 3*x + 5*m + 20 = 0. What is the units digit of f(x)?
2
What is the units digit of (-1 + 66/4)*2?
1
Let y be 3*1 - (-3 - -1). Suppose d - 38 = y*b, b = -d + 4*b + 30. What is the units digit of d?
8
Let c(t) = -27*t - 33. What is the hundreds digit of c(-8)?
1
Let l = 61 - 13. What is the tens digit of l?
4
Let u(a) = 9*a**2 - 6 + 17 - a**3 + 2*a**3 - 2*a + 3*a. What is the units digit of u(-9)?
2
Let r(a) be the third derivative of a**5/20 - a**4/24 - a**3/3 - 2*a**2. Suppose -5 - 1 = -3*x. What is the units digit of r(x)?
8
Suppose 0 = -4*h + 7*h - 132. Suppose -1 = -5*s + h. Suppose -3*c = 3*z - 4*z + s, -3*c = -3*z + 33. What is the tens digit of z?
1
Let k(n) = -6*n. Let f be k(-4). Let p = f + -14. What is the tens digit of p?
1
What is the tens digit of (364/39)/((-2)/(-9))?
4
Suppose 0 = -z - 3*r + 11, 0 = -5*z + z + 2*r + 2. Suppose -z*p + 20 = -2. What is the tens digit of p?
1
Suppose -4*s + 26 = -122. Suppose -2*f + 3*u + 84 = 0, f - 3*u - s = -4*u. What is the units digit of f?
9
Let f be (3/4)/(7/28). Suppose -26 = -m + x, -x = -2*x - f. What is the units digit of m?
3
Let o = 42 - -22. Suppose -2*x - 2*x + o = 0. What is the tens digit of x?
1
Let b = -9 + 13. Let q = -7 - b. Let y = -4 - q. What is the units digit of y?
7
Suppose -3*j = 3*z - 18 - 27, -27 = -z + 2*j. Let c = 29 - z. What is the tens digit of c?
1
Let w = -95 - -48. Let x = 86 + w. Suppose 4*j - x = -5*g, 2*g = 1 + 5. What is the units digit of j?
6
Let p(w) = w**3 + 7*w**2 - 4*w - 7. Let t be p(-7). Suppose f + t = -0*f - 4*z, -2*z - 8 = -2*f. Let b = f - -13. What is the units digit of b?
2
Let b(m) = m - 10. Let t be b(7). Let y(u) = -6*u - 2. What is the units digit of y(t)?
6
Let q be (-13 - 1)/(-2) + 0. Let a = -7 + q. Suppose a = -z - z + 10. What is the units digit of z?
5
Let m be 12/(-42) + (-72)/(-7). What is the units digit of 5/m - 90/(-4)?
3
Let i(n) = 2*n - 1 - 10 + 1. What is the units digit of i(9)?
8
What is the units digit of 4 + -4 - -1 - -127?
8
Let o be -2 + -2 - (-2 + 1). Let l(b) = 3*b**2 + 4*b + 3. What is the units digit of l(o)?
8
Let u(h) be the second derivative of -h**4/12 + 9*h**2 + 3*h. Let w be u(0). Suppose -o + 0*b + w = -b, 5*o - 72 = -4*b. What is the tens digit of o?
1
Suppose o + 0*o - 82 = 5*t, -176 = -3*o 